{"id":42,"date":"2023-03-19T17:30:49","date_gmt":"2023-03-19T16:30:49","guid":{"rendered":"http:\/\/clapsetdeclics.fr\/?page_id=42"},"modified":"2024-11-20T11:48:34","modified_gmt":"2024-11-20T10:48:34","slug":"photogrammetrie-3d","status":"publish","type":"page","link":"https:\/\/clapsetdeclics.fr\/index.php\/photogrammetrie-3d\/","title":{"rendered":"Photogramm\u00e9trie \/ Nuages de points 3D"},"content":{"rendered":"\n<p>La photogramm\u00e9trie consiste \u00e0 prendre un tr\u00e8s grand nombre de photos d&#8217;un lieu donn\u00e9 au drone afin de reconstruire un b\u00e2timent ou un terrain en trois dimensions \u00e0 l&#8217;aide de logiciels d\u00e9di\u00e9s. Une technique fantastique qui vous fera gagner du temps dans vos process, que vous soyez architecte, r\u00e9novateur de b\u00e2timents ou encore am\u00e9nageur du territoire. N&#8217;h\u00e9sitez pas \u00e0 nous contacter pour qu&#8217;on vous explique en d\u00e9tail comment \u00e7a marche !<br><\/p>\n\n\n<div class=\"sketchfab-embed-wrapper\" style=\"text-align: center;\"><iframe loading=\"lazy\" title=\"A 3D model\" src=\"https:\/\/sketchfab.com\/models\/a13467407e854a4586e5ab71a9791d8d\/embed?autospin=0.2&amp;autostart=1&amp;preload=1&amp;ui_controls=1&amp;ui_infos=1&amp;ui_inspector=1&amp;ui_stop=1&amp;ui_watermark=1&amp;ui_watermark_link=1\" width=\"640\" height=\"480\" frameborder=\"0\"><\/iframe><\/div>\n\n\n\n<hr class=\"wp-block-separator has-alpha-channel-opacity\"\/>\n\n\n\n<div class=\"wp-block-columns is-layout-flex wp-container-core-columns-is-layout-9d6595d7 wp-block-columns-is-layout-flex\">\n<div class=\"wp-block-column is-layout-flow wp-block-column-is-layout-flow\" style=\"flex-basis:33.33%\">\n<p>Mat\u00e9riel de haute pr\u00e9cision<br><br>Capteur 1\u201d 20 MP pour les images a\u00e9riennes <br><br>R\u00e9cepteur GNSS RTK pour les cibles au sol<\/p>\n<\/div>\n\n\n\n<div class=\"wp-block-column is-layout-flow wp-block-column-is-layout-flow\" style=\"flex-basis:66.66%\">\n<figure class=\"wp-block-image size-large\"><a href=\"http:\/\/clapsetdeclics.fr\/wp-content\/uploads\/2023\/03\/Matos-Photogrammetrie-au-sol-scaled.jpg\" target=\"_blank\" rel=\"noreferrer noopener\"><img loading=\"lazy\" decoding=\"async\" width=\"1024\" height=\"785\" src=\"http:\/\/clapsetdeclics.fr\/wp-content\/uploads\/2023\/03\/Matos-Photogrammetrie-au-sol-1024x785.jpg\" alt=\"\" class=\"wp-image-59\" srcset=\"https:\/\/clapsetdeclics.fr\/wp-content\/uploads\/2023\/03\/Matos-Photogrammetrie-au-sol-1024x785.jpg 1024w, https:\/\/clapsetdeclics.fr\/wp-content\/uploads\/2023\/03\/Matos-Photogrammetrie-au-sol-300x230.jpg 300w, https:\/\/clapsetdeclics.fr\/wp-content\/uploads\/2023\/03\/Matos-Photogrammetrie-au-sol-768x589.jpg 768w, https:\/\/clapsetdeclics.fr\/wp-content\/uploads\/2023\/03\/Matos-Photogrammetrie-au-sol-1536x1178.jpg 1536w, https:\/\/clapsetdeclics.fr\/wp-content\/uploads\/2023\/03\/Matos-Photogrammetrie-au-sol-2048x1571.jpg 2048w\" sizes=\"auto, (max-width: 706px) 89vw, (max-width: 767px) 82vw, 740px\" \/><\/a><\/figure>\n<\/div>\n<\/div>\n\n\n\n<hr class=\"wp-block-separator has-alpha-channel-opacity\"\/>\n\n\n\n<p>De l&#8217;original \u00e0 la 3D : apr\u00e8s captation sur le terrain, nous vous fournissons un nuage de points en trois dimensions qui s&#8217;ins\u00e8re notamment dans les logiciels Revit, Autocad, Archicad, etc. Vous pouvez l&#8217;utiliser ensuite pour prendre des mesures ou construire les plans de l&#8217;existant.<\/p>\n\n\n\n<p class=\"has-text-align-center\">Photo a\u00e9rienne prise au drone<\/p>\n\n\n\n<figure class=\"wp-block-image size-large is-resized\"><a href=\"https:\/\/clapsetdeclics.fr\/wp-content\/uploads\/2024\/10\/DJI_0231-scaled.jpg\" target=\"_blank\" rel=\"noreferrer noopener\"><img loading=\"lazy\" decoding=\"async\" width=\"1024\" height=\"683\" src=\"https:\/\/clapsetdeclics.fr\/wp-content\/uploads\/2024\/10\/DJI_0231-1024x683.jpg\" alt=\"\" class=\"wp-image-433\" style=\"width:674px;height:auto\" srcset=\"https:\/\/clapsetdeclics.fr\/wp-content\/uploads\/2024\/10\/DJI_0231-1024x683.jpg 1024w, https:\/\/clapsetdeclics.fr\/wp-content\/uploads\/2024\/10\/DJI_0231-300x200.jpg 300w, https:\/\/clapsetdeclics.fr\/wp-content\/uploads\/2024\/10\/DJI_0231-768x512.jpg 768w, https:\/\/clapsetdeclics.fr\/wp-content\/uploads\/2024\/10\/DJI_0231-1536x1024.jpg 1536w, https:\/\/clapsetdeclics.fr\/wp-content\/uploads\/2024\/10\/DJI_0231-2048x1365.jpg 2048w\" sizes=\"auto, (max-width: 706px) 89vw, (max-width: 767px) 82vw, 740px\" \/><\/a><\/figure>\n\n\n\n<p><\/p>\n\n\n\n<p class=\"has-text-align-center\">Reconstruction 3D sous Autodesk Revit<\/p>\n\n\n\n<figure class=\"wp-block-image size-large is-resized\"><a href=\"https:\/\/clapsetdeclics.fr\/wp-content\/uploads\/2024\/10\/REVIT.png\" target=\"_blank\" rel=\"noreferrer noopener\"><img loading=\"lazy\" decoding=\"async\" width=\"1024\" height=\"575\" src=\"https:\/\/clapsetdeclics.fr\/wp-content\/uploads\/2024\/10\/REVIT-1024x575.png\" alt=\"\" class=\"wp-image-429\" style=\"width:674px;height:auto\" srcset=\"https:\/\/clapsetdeclics.fr\/wp-content\/uploads\/2024\/10\/REVIT-1024x575.png 1024w, https:\/\/clapsetdeclics.fr\/wp-content\/uploads\/2024\/10\/REVIT-300x169.png 300w, https:\/\/clapsetdeclics.fr\/wp-content\/uploads\/2024\/10\/REVIT-768x432.png 768w, https:\/\/clapsetdeclics.fr\/wp-content\/uploads\/2024\/10\/REVIT-1536x863.png 1536w, https:\/\/clapsetdeclics.fr\/wp-content\/uploads\/2024\/10\/REVIT.png 1920w\" sizes=\"auto, (max-width: 706px) 89vw, (max-width: 767px) 82vw, 740px\" \/><\/a><\/figure>\n\n\n\n<p class=\"has-text-align-left\"><br>Fichier d&#8217;exemple de nuage de points \u00e0 t\u00e9l\u00e9charger pour visualisation en 3D :<br>&#8211; <a href=\"https:\/\/drive.google.com\/file\/d\/1-HU6fna8vSI9AftCEXuDee38xJpafgFt\/view?usp=sharing\" target=\"_blank\" rel=\"noreferrer noopener\">Format &#8220;.rcs&#8221;<\/a> pour Autocad ou Revit.<br>&#8211; <a href=\"https:\/\/drive.google.com\/file\/d\/11YSMO7n_VM60UBMJpPKV95mUs_3IpFzN\/view?usp=sharing\" target=\"_blank\" rel=\"noreferrer noopener\">Format &#8220;.e57&#8221;<\/a> pour Archicad, Sketchup, etc.<br>&#8211; <a href=\"https:\/\/clapsetdeclics.fr\/3D\/chateau.html\" target=\"_blank\" rel=\"noreferrer noopener\">En ligne<\/a><\/p>\n\n\n\n<p><\/p>\n","protected":false},"excerpt":{"rendered":"<p>La photogramm\u00e9trie consiste \u00e0 prendre un tr\u00e8s grand nombre de photos d&#8217;un lieu donn\u00e9 au drone afin de reconstruire un b\u00e2timent ou un terrain en trois dimensions \u00e0 l&#8217;aide de logiciels d\u00e9di\u00e9s. Une technique fantastique qui vous fera gagner du temps dans vos process, que vous soyez architecte, r\u00e9novateur de b\u00e2timents ou encore am\u00e9nageur du &hellip; <\/p>\n<p class=\"link-more\"><a href=\"https:\/\/clapsetdeclics.fr\/index.php\/photogrammetrie-3d\/\" class=\"more-link\">Continue reading<span class=\"screen-reader-text\"> &#8220;Photogramm\u00e9trie \/ Nuages de points 3D&#8221;<\/span><\/a><\/p>\n","protected":false},"author":1,"featured_media":0,"parent":0,"menu_order":0,"comment_status":"closed","ping_status":"closed","template":"","meta":{"footnotes":""},"class_list":["post-42","page","type-page","status-publish","hentry"],"_links":{"self":[{"href":"https:\/\/clapsetdeclics.fr\/index.php\/wp-json\/wp\/v2\/pages\/42","targetHints":{"allow":["GET"]}}],"collection":[{"href":"https:\/\/clapsetdeclics.fr\/index.php\/wp-json\/wp\/v2\/pages"}],"about":[{"href":"https:\/\/clapsetdeclics.fr\/index.php\/wp-json\/wp\/v2\/types\/page"}],"author":[{"embeddable":true,"href":"https:\/\/clapsetdeclics.fr\/index.php\/wp-json\/wp\/v2\/users\/1"}],"replies":[{"embeddable":true,"href":"https:\/\/clapsetdeclics.fr\/index.php\/wp-json\/wp\/v2\/comments?post=42"}],"version-history":[{"count":93,"href":"https:\/\/clapsetdeclics.fr\/index.php\/wp-json\/wp\/v2\/pages\/42\/revisions"}],"predecessor-version":[{"id":516,"href":"https:\/\/clapsetdeclics.fr\/index.php\/wp-json\/wp\/v2\/pages\/42\/revisions\/516"}],"wp:attachment":[{"href":"https:\/\/clapsetdeclics.fr\/index.php\/wp-json\/wp\/v2\/media?parent=42"}],"curies":[{"name":"wp","href":"https:\/\/api.w.org\/{rel}","templated":true}]}}